{"version":"1.0","provider_name":"Armando Testa","provider_url":"https:\/\/www.armandotesta.it\/it\/","author_name":"admAT","author_url":"https:\/\/www.armandotesta.it\/it\/author\/admat\/","title":"Un viaggio nell\u2019habitat naturale della conservazione alimentare: Cuki lancia la campagna per la nuova App Cuki Save the Food con Armando Testa.\u00a0 - Armando Testa","type":"rich","width":600,"height":338,"html":"<blockquote class=\"wp-embedded-content\" data-secret=\"SAD6TTsRO0\"><a href=\"https:\/\/www.armandotesta.it\/it\/6589\/\">Un viaggio nell\u2019habitat naturale della conservazione alimentare: Cuki lancia la campagna per la nuova App Cuki Save the Food con Armando Testa.\u00a0<\/a><\/blockquote><iframe sandbox=\"allow-scripts\" security=\"restricted\" src=\"https:\/\/www.armandotesta.it\/it\/6589\/embed\/#?secret=SAD6TTsRO0\" width=\"600\" height=\"338\" title=\"&#8220;Un viaggio nell\u2019habitat naturale della conservazione alimentare: Cuki lancia la campagna per la nuova App Cuki Save the Food con Armando Testa.\u00a0&#8221; &#8212; Armando Testa\" data-secret=\"SAD6TTsRO0\" frameborder=\"0\" marginwidth=\"0\" marginheight=\"0\" scrolling=\"no\" class=\"wp-embedded-content\"><\/iframe><script>\n\/*! This file is auto-generated *\/\n!function(d,l){\"use strict\";l.querySelector&&d.addEventListener&&\"undefined\"!=typeof URL&&(d.wp=d.wp||{},d.wp.receiveEmbedMessage||(d.wp.receiveEmbedMessage=function(e){var t=e.data;if((t||t.secret||t.message||t.value)&&!\/[^a-zA-Z0-9]\/.test(t.secret)){for(var s,r,n,a=l.querySelectorAll('iframe[data-secret=\"'+t.secret+'\"]'),o=l.querySelectorAll('blockquote[data-secret=\"'+t.secret+'\"]'),c=new RegExp(\"^https?:$\",\"i\"),i=0;i<o.length;i++)o[i].style.display=\"none\";for(i=0;i<a.length;i++)s=a[i],e.source===s.contentWindow&&(s.removeAttribute(\"style\"),\"height\"===t.message?(1e3<(r=parseInt(t.value,10))?r=1e3:~~r<200&&(r=200),s.height=r):\"link\"===t.message&&(r=new URL(s.getAttribute(\"src\")),n=new URL(t.value),c.test(n.protocol))&&n.host===r.host&&l.activeElement===s&&(d.top.location.href=t.value))}},d.addEventListener(\"message\",d.wp.receiveEmbedMessage,!1),l.addEventListener(\"DOMContentLoaded\",function(){for(var e,t,s=l.querySelectorAll(\"iframe.wp-embedded-content\"),r=0;r<s.length;r++)(t=(e=s[r]).getAttribute(\"data-secret\"))||(t=Math.random().toString(36).substring(2,12),e.src+=\"#?secret=\"+t,e.setAttribute(\"data-secret\",t)),e.contentWindow.postMessage({message:\"ready\",secret:t},\"*\")},!1)))}(window,document);\n<\/script>\n","thumbnail_url":"https:\/\/www.armandotesta.it\/wp-content\/uploads\/2024\/06\/Cuki_1-1024x576.png","thumbnail_width":1024,"thumbnail_height":576,"description":"A chi non \u00e8 mai capitato di congelare gli avanzi di cibo e poi dimenticarseli negli angoli pi\u00f9 remoti del freezer, rischiando che vengano inutilmente sprecati?Il congelatore \u00e8 un elettrodomestico presente in quasi tutte le case, ma accade spesso che passi da strumento di uso quotidiano a luogo inesplorato per lunghi periodi.&nbsp;Cuki, che da sempre [&hellip;]"}

A chi non è mai capitato di congelare gli avanzi di cibo e poi dimenticarseli negli angoli più remoti del freezer, rischiando che vengano inutilmente sprecati?Il congelatore è un elettrodomestico presente in quasi tutte le case, ma accade spesso che passi da strumento di uso quotidiano a luogo inesplorato per lunghi periodi.&nbsp;Cuki, che da sempre [&hellip;]
